 Let d be k(-9). Let o be m(d). Suppose 24*j - o = 23*j. What is the units digit of j?
2
What is the tens digit of 8/12*(6899 - 29)?
8
Suppose -v = -5*j - 5, 0*j - 20 = 2*j - 4*v. Let p = 366 + -224. Suppose j = t - p - 62. What is the units digit of t?
4
Suppose -12*i + 7171 = -45209. Suppose -i = -13*s + 2278. What is the units digit of s?
1
Let a(n) = 2*n**2 + 4*n - 6. Let v be a(9). Let w = 542 - v. What is the tens digit of w?
5
Suppose 5*u = g + 25, -29 = -5*u - 4. What is the units digit of 15 - 11 - (-851 + g)?
5
Suppose 213*w + 102*w - 3015 = -20*w. Let i(a) be the second derivative of a**4/3 - 4*a**3 + 11*a**2 + a. What is the units digit of i(w)?
0
Let x = -165 - -165. Suppose 4*j = 4*m - 456, -4*j - 2 - 2 = x. What is the hundreds digit of m?
1
Let d = -548 + -240. Let x be (-20)/(-90) + d/(-18). Let u = x + -26. What is the tens digit of u?
1
Suppose -3*o - 10 = -8*o. What is the hundreds digit of 669/6 + (2/4 - o)?
1
Suppose 18*s - 13*s - 10 = 0. Suppose i + 22*f = 19*f + 852, -4*i - s*f = -3368. What is the units digit of i?
0
Suppose 38*q - 34*q - 87614 = 3*b, 2*b = -5*q + 109483. What is the tens digit of q?
9
Let k(w) = -2*w - 1. Let t be k(9). Let l = t - -22. Suppose 2*x = l*j + 115, 0*x + 3*j = -2*x + 145. What is the tens digit of x?
6
Let s = 117 - -5683. What is the hundreds digit of s?
8
Suppose -3*d - 5*a - 421 = -2*d, -4*d = -5*a + 1709. What is the units digit of ((-60)/(-18))/((-4)/d)?
5
Suppose -14*t = -54 - 30. Let n(h) = 94*h + 62. What is the units digit of n(t)?
6
Suppose 0 = -10*c + 8*c + 60. Suppose -k - 163 + c = 0. Let g = k + 186. What is the units digit of g?
3
Let w = 2073 + -1151. Let h = -564 + w. Suppose 12*v = h + 1250. What is the tens digit of v?
3
Let f(b) = b**3 + 14*b**2 + 9*b. Let t be f(-8). Let l = 11 + t. What is the tens digit of l?
2
Suppose -794*z + 799*z - 20 = 0. Let i(y) = y**2 + 973. Let r be i(0). Suppose r - 369 = z*h. What is the hundreds digit of h?
1
Let x = 41 + -44. Let f(r) = -36*r - 2. Let w(j) = 37*j + 3. Let u(i) = 5*f(i) + 4*w(i). What is the units digit of u(x)?
8
Suppose 104*a - 137597 = 100*a + u, 2*a - 68797 = u. What is the tens digit of a?
0
Suppose -5*j = -2*j - 6. Let r be 3 + (2/j)/(-1). Suppose -r*z = g - 0*g - 56, 3*z + 76 = g. What is the units digit of g?
4
Let g(y) = 237*y**2 + 3*y - 2. Let h be g(1). Let x = h - -565. What is the hundreds digit of x?
8
Suppose -375*w - 291858 = -198*w - 198*w. What is the units digit of w?
8
Let j(v) be the first derivative of -3*v**4/4 + v**3 + v**2 + 17*v + 42. Let z be j(-3). Suppose 24*l - 17*l - z = 0. What is the tens digit of l?
1
Let k be 25/30*8/(-20)*-2127. Let s = k + -583. What is the hundreds digit of s?
1
Suppose 2*r = 192*k - 193*k + 47232, -k + r = -47211. What is the tens digit of k?
1
Let k(s) = s**3 + 10*s**2 + 7*s - 10. Let j be k(-7). Let p = 617 - j. Suppose 2*c + 93 = p. What is the units digit of c?
8
Let l(q) = 486*q**3 + 4*q**2 + 29*q - 162. What is the units digit of l(4)?
2
Let h(c) = -26 + 21*c - 17 - 13 + 20*c. Let u(k) = -2. Let i(r) = h(r) + 2*u(r). What is the hundreds digit of i(8)?
2
Suppose -4*d + 28 = 4*o, -o = 4*o - 15. What is the hundreds digit of d - (0 - (7 - -680))?
6
Let z(u) be the second derivative of u**5/20 + 25*u**4/12 - 5*u**3 + 6*u. Let c(f) be the second derivative of z(f). What is the units digit of c(-7)?
8
Suppose 4*q + 4*n = -4, -6*n + 2*n - 4 = 0. Suppose -3*a - 12 = 0, 0 = -3*i + a - q*a + 100. Let h = -26 + i. What is the units digit of h?
6
Let q = 1084 - 686. What is the tens digit of q?
9
What is the ten thousands digit of (-238540)/2*126/(-1260)?
1
Suppose 29*r = 33*r - 12876. What is the units digit of -4 - r/(-12) - 4/16?
4
Let n(q) = q**2 - 50*q - 73. What is the hundreds digit of n(-31)?
4
Let t(v) = v**3 + 5*v**2 - 4*v - 4. Let x be t(-6). Let m be x/((-2)/8 - 6/8). Suppose m*u - 19*u = -144. What is the units digit of u?
8
Let y = 34 - 28. Suppose 2*l + 20 - y = 0. Let x = 19 + l. What is the tens digit of x?
1
Let l(o) = o**2 - 18*o + 19. Let n be l(17). Suppose 0 = -5*u - n*p + 4, -2*u + 4*p = u + 8. What is the units digit of (3/12 + u)*(558 + -2)?
9
Let i = -72 - -158. Suppose -v + i = -46. Let r = v + -86. What is the units digit of r?
6
Let l(m) = -6621*m - 1920. What is the units digit of l(-4)?
4
Let a(z) = 33*z**2 - 378*z + 1884. What is the hundreds digit of a(5)?
8
Suppose 0 = u + v - 710, 4*u - v - 2840 = -0*u. What is the hundreds digit of u?
7
Let u(t) = 12 - 6 - t - 7 + 34. Let b be u(-23). Suppose 3*o - b = 127. What is the units digit of o?
1
Suppose 15*z - 19*z + 5940 = 0. Suppose 2*g = -b + z - 242, g + 1240 = b. What is the tens digit of b?
4
Suppose -3*h + 18 = 3*w - 6, 0 = -h. Let q be (-4 - -2) + 32/w. What is the tens digit of (q - 215/15)*-3?
3
Let m be (-10)/(3*(-2)/(-27)). Let u be (-6)/m - (-584)/120. Suppose 4*y - 3*t = -u*t + 414, -409 = -4*y + 3*t. What is the units digit of y?
3
What is the units digit of (-10)/20 - 262170/(-12)?
7
What is the units digit of (6591 - -1)/((-168)/462 - (-38)/44)?
4
Let p = 13704 - 11049. What is the hundreds digit of p?
6
Suppose 7*r - 4 = 5*r. Suppose 8 = r*v + 16. What is the hundreds digit of 1086/(-3)*((-2)/v)/(-1)?
1
Let j(b) = b**2 - 9*b + 1773. What is the hundreds digit of j(-70)?
3
Let u = -103 + 112. Suppose -4*w + 2*w - 4*v + 2102 = 0, 0 = -3*v - u. What is the hundreds digit of w?
0
Let b = 47 + -43. Let r(i) = 107*i - 1. Let c be r(b). Suppose 5*y + p = c, -2*y + 37 = -5*p - 150. What is the tens digit of y?
8
Let p be (-144)/(-28) + (-2)/14. Suppose 514 + 176 = p*q. Let f = q + -82. What is the units digit of f?
6
Let i = 64815 + -46151. What is the tens digit of i?
6
Let i(m) = 3*m**2 - 11*m + 3. Let j be i(3). Let l be j*162/(-4) - (-1)/(-2). Suppose 83 = 2*q - l. What is the tens digit of q?
0
Suppose 177*o - 170*o = 35. Suppose o*d - 3177 = -f, -5*d + 2*f + 1826 = -1345. What is the hundreds digit of d?
6
Let v(u) = 151*u**2 - 45*u + 129. Let b(q) = 75*q**2 - 23*q + 65. Let d(z) = 7*b(z) - 3*v(z). What is the units digit of d(3)?
8
Let r(t) = -2*t**2 - 10*t + 11. Let v be r(1). Let q be v/(-4) + (-9776)/(-64). What is the tens digit of q + 5 + 20/(-5)?
5
What is the thousands digit of ((-23)/(-2))/((-68)/(-27608))?
4
Let d = -47 + 49. Let i = d + 4. What is the tens digit of 65*(-2 + i)/4?
6
Let q be ((-1)/(-2))/((506/(-44))/(-23)). Let b = 8 - 5. What is the units digit of 9/(b - (q + -1))?
3
Let x be 75/27 - (-6)/27. Suppose g = 5*n - 15, -n + 8*g = x*g - 3. Suppose -113 = -h - d, -2*h + n*d + 0*d + 241 = 0. What is the hundreds digit of h?
1
Let y(g) = -187*g + 1483. What is the units digit of y(6)?
1
Let m = -10241 - -30128. What is the thousands digit of m?
9
Suppose -19*q + 0*q - 16435 = 0. Let s = -422 - q. What is the units digit of s?
3
Let g = 19898 - 8184. What is the tens digit of g?
1
Let k = 3510 + -3513. Let i(l) = l**2 - 6*l - 7. Let c be i(7). What is the units digit of k + 1 - (-84 - c)?
2
Suppose -6*w + 11*w = -o + 4705, -2*o + 3*w = -9358. What is the thousands digit of o?
4
Suppose y + 3*n + n = 106, 4*n = -2*y + 204. What is the hundreds digit of 27314/y + (-4)/(-14)?
2
Let c = -407 + 410. Suppose -r - 4*l = -c*r + 592, 20 = 5*l. What is the units digit of r?
4
Let p(m) = -8*m**2 - 14*m - 15. Let i be p(-5). Suppose -206 = -2*k + 4*k. Let x = k - i. What is the tens digit of x?
4
What is the units digit of ((-528)/144)/(6/(-35820))?
0
Suppose 3*w + 86662 = 5*h + 21946, -5*h = w - 64708. What is the units digit of h?
2
Suppose -490*g = -410*g - 3212560. What is the hundreds digit of g?
1
Suppose 3*v - 2*u = 52896, v = -4*u + u + 17621. What is the units digit of v?
0
Suppose g - 332 = -m, -4*g + m = -0*m - 1333. What is the units digit of g?
3
Let k(j) = -2*j**3 + j**2 - 2*j + 6. Let l = 2 + 2. Suppose 4*h = 3*z + 23, -2*z + 0*h - 2 = l*h. What is the tens digit of k(z)?
9
Let o(f) = -35*f + 43. Let d be o(-6). Let t = 361 + d. What is the hundreds digit of t?
6
Suppose -386 = 16*s - 17*s. What is the hundreds digit of 1/(-3 + 2) + s?
3
Let t(w) = -4*w - 13. Let c(s) = -s**2 - s - 2. Let m be c(-2). Let l be (4 - (m + 3))*(-4)/5. What is the units digit of t(l)?
3
Let q = 7040 - 2203. What is the tens digit of q?
3
Let d(r) = r**3 + 39*r**2 - 49*r - 